{"id":65,"date":"2018-05-02T08:05:40","date_gmt":"2018-05-02T08:05:40","guid":{"rendered":"http:\/\/kanzlei-luebben.de\/?page_id=65"},"modified":"2018-05-02T09:17:45","modified_gmt":"2018-05-02T09:17:45","slug":"termine","status":"publish","type":"page","link":"https:\/\/kanzlei-luebben.de\/?page_id=65","title":{"rendered":"Termine"},"content":{"rendered":"<p>[vc_row][vc_column][vc_custom_heading text=&#8220;TELEFONISCHE ERREICHBARKEIT&#8220; font_container=&#8220;tag:h2|text_align:left|color:%23950101&#8243; use_theme_fonts=&#8220;yes&#8220;][vc_separator color=&#8220;custom&#8220; accent_color=&#8220;#950101&#8243;][\/vc_column][\/vc_row][vc_row el_id=&#8220;anfrage&#8220;][vc_column][vc_column_text]\n<div class=\"bh-page\">\n\t<div class=\"widget_item strappy\">\n\t\t<div class=\"widget_3\">\n\t\t\t\n\t\t\n\t\t\t\n\t\t\t\n\t\t\t<div class=\"container-fluid\">\n\t\t\t\t<div class=\"widget_header\" style=\"background-color: #e3e0dd; color: black;\">\n\t\t\t\t\n\t\t\t\t\t\n\n\t\t\t\t\t<div class=\"row\">\n\t\t\t\t\t\t<div class=\"col-md-4 col-sm-2 col-xs-12\">\n\t\t\t\t\t\t\t<div class=\"header_icon\">\n\t\t\t\t\t\t\t\t<div class=\"width_35_per\">\n\t\t\t\t\t\t\t\t\t<i class=\"fa fa-clock-o fa-5x\" aria-hidden=\"true\"><\/i>\n\t\t\t\t\t\t\t\t<\/div>\n\t\t\t\t\t\t\t<\/div>\n\t\t\t\t\t\t<\/div>\n\t\t\t\t\t\t\n\t\t\t\t\t\t<div class=\"col-md-8 col-sm-8 col-xs-12\">\n\t\t\t\t\t\t\t<div class=\"header_working_schedule pad_lf_rgh_none\">\n\t\t\t\t\t\t\t\t<p class=\"today\">\n\t\t\t\t\t\t\t\t\t<span class=\"text-uppercase\">Aktuell<\/span>\n\n\t\t\t\t\t\t\t\t\t<span class=\"badge\" style=\"background-color: #26a300; color: white\">TELEFONISCH ERREICHBAR<\/span>\t\t\t\t\t\t\t\t<\/p>\n\t\t\t\t\t\t\t\t<div class=\"working_hours working_days\">\n\t\t\t\t\t\t\t\t\t\n\n<!-- xplodeit --><div class=\"col-xs-12\"><span class=\"weekdays\">Mo:<\/span><span class=\"times\"><span>8:30 - 12:00<\/span><span>14:00 - 15:30<\/span><\/span>\n<\/div>\n\n\n\n<!-- xplodeit --><div class=\"col-xs-12\"><span class=\"weekdays\">Di:<\/span><span class=\"times\"><span>8:30 - 12:00<\/span><span>12:30 - 17:00<\/span><\/span>\n<\/div>\n\n\n\n<!-- xplodeit --><div class=\"col-xs-12\"><span class=\"weekdays\">Mi:<\/span><span class=\"times\"><span>8:30 - 12:00<\/span><\/span>\n<\/div>\n\n\n\n<!-- xplodeit --><div class=\"col-xs-12\"><span class=\"weekdays\">Do:<\/span><span class=\"times\"><span>8:30 - 12:00<\/span><span>14:00 - 15:30<\/span><\/span>\n<\/div>\n\n\n\n<!-- xplodeit --><div class=\"col-xs-12\"><span class=\"weekdays\">Fr:<\/span><span class=\"times\"><span>8:30 - 12:00<\/span><\/span>\n<\/div>\n\n\n\n<!-- xplodeit --><div class=\"col-xs-12\"><span class=\"weekdays\">Sa:<\/span><span class=\"times\">GESCHLOSSEN<\/span>\n<\/div>\n\n\n\n<!-- xplodeit --><div class=\"col-xs-12\"><span class=\"weekdays\">So:<\/span><span class=\"times\">GESCHLOSSEN<\/span>\n<\/div>\n\n\t\t\t\t\t\t\t\t<\/div>\n\t\t\t\t\t\t\t<\/div>\n\t\t\t\t\t\t<\/div>\n\t\t\t\t\t\t\n\t\t\t\t\t<\/div>\n\t\t\t\t<\/div>\n\t\t\t<\/div>\n\t\t\t\n\t\t\t<div class=\"container-fluid\">\n\t\t\t\t<div class=\"widget_body clear_fix\" style=\"background-color: white; color: black;\">\n\t\t\t\t\t<div class=\"col-6\">\n\t\t\t\t\t\t<div class=\"company_name margin_bt_25\">\n\t\t\t\t\t\t\t<p class=\"text-uppercase margin_none font_bold font_size_18\" style=\"color: black;\">\n\t\t\t\t\t\t\t\tKanzlei L\u00fcbben\t\t\t\t\t\t\t<\/p>\n\n\t\t\t\t\t\t\t<p class=\"text-capitalize margin_none\">\n\t\t\t\t\t\t\t\tRechtsanw\u00e4ltin und Dipl.-Jur. Gaby L\u00fcbben\t\t\t\t\t\t\t<\/p>\n\t\t\t\t\t\t<\/div>\n\t\t\t\t\t\t<div class=\"company_details\">\n\t\t\t\t\t\t\t<p class=\"phone\"><span>Telefon: <\/span><span>04221 9444644<\/span><\/p>\n\t\t\t\t\t\t\t<p class=\"fax margin_none\"><span class=\"fax_first_child\">Fax:<\/span><span>04221 9444646<\/span><\/p>\n\t\t\t\t\t\t<\/div>\n\t\t\t\t\t<\/div>\n\t\t\t\t\t<div class=\"col-6\">\n\t\t\t\t\t\t<div class=\"company_details margin_bt_25\">\n\t\t\t\t\t\t\t<p class=\"email\"><span>kontakt@kanzlei-luebben.de<\/span><\/p>\n\t\t\t\t\t\t\t<p class=\"website margin_bt_4\"><span>www.kanzlei-luebben.de<\/span><\/p>\n\t\t\t\t\t\t<\/div>\n\n\n\t\t\t\t\t\t<div class=\"company_details\">\n\t\t\t\t\t\t\t<p class=\"address margin_none\"><span>Sch\u00f6nemoorer Stra\u00dfe 74<\/span><br><span>27753 Delmenhorst<\/span>\t\t\t\t\t\t<\/div>\n\t\t\t\t\t<\/div>\n\t\t\t\t<\/div>\n\t\t\t<\/div>\n\t\t\t\n\t\t\t<div class=\"container-fluid\">\n\t\t\t\t<div class=\"text-center widget_footer\" style=\"background-color: white; color: #b0adab;\">\n\t\t\t\t\t<p class=\"margin_none force-center\">\n\t\t\t\t\t\tTerminvereinbarungen ausserhalb der regul\u00e4ren B\u00fcrozeiten sind selbstverst\u00e4ndlich auch m\u00f6glich !\t\t\t\t\t<\/p>\n\t\t\t\t<\/div>\n\t\t\t<\/div>\n\n            <div class=\"row\">\n                <div class=\"col-xs-7\">\n                    <!-- empty -->\n                <\/div>\n                <div class=\"col-xs-5\">\n                    <p class=\"powerdby\">Powered by crosswordsolver.com<\/p>\n                <\/div>\n            <\/div>\n\t\t\t\t\n\t\t<\/div>\n\t<\/div>\n<\/div>[\/vc_column_text][\/vc_column][\/vc_row]<\/p>\n","protected":false},"excerpt":{"rendered":"<p>[vc_row][vc_column][vc_custom_heading text=&#8220;TELEFONISCHE ERREICHBARKEIT&#8220; font_container=&#8220;tag:h2|text_align:left|color:%23950101&#8243; use_theme_fonts=&#8220;yes&#8220;][vc_separator color=&#8220;custom&#8220; accent_color=&#8220;#950101&#8243;][\/vc_column][\/vc_row][vc_row el_id=&#8220;anfrage&#8220;][vc_column][vc_column_text][\/vc_column_text][\/vc_column][\/vc_row]<\/p>\n","protected":false},"author":1,"featured_media":0,"parent":0,"menu_order":0,"comment_status":"closed","ping_status":"closed","template":"","meta":[],"aioseo_notices":[],"_links":{"self":[{"href":"https:\/\/kanzlei-luebben.de\/index.php?rest_route=\/wp\/v2\/pages\/65"}],"collection":[{"href":"https:\/\/kanzlei-luebben.de\/index.php?rest_route=\/wp\/v2\/pages"}],"about":[{"href":"https:\/\/kanzlei-luebben.de\/index.php?rest_route=\/wp\/v2\/types\/page"}],"author":[{"embeddable":true,"href":"https:\/\/kanzlei-luebben.de\/index.php?rest_route=\/wp\/v2\/users\/1"}],"replies":[{"embeddable":true,"href":"https:\/\/kanzlei-luebben.de\/index.php?rest_route=%2Fwp%2Fv2%2Fcomments&post=65"}],"version-history":[{"count":1,"href":"https:\/\/kanzlei-luebben.de\/index.php?rest_route=\/wp\/v2\/pages\/65\/revisions"}],"predecessor-version":[{"id":67,"href":"https:\/\/kanzlei-luebben.de\/index.php?rest_route=\/wp\/v2\/pages\/65\/revisions\/67"}],"wp:attachment":[{"href":"https:\/\/kanzlei-luebben.de\/index.php?rest_route=%2Fwp%2Fv2%2Fmedia&parent=65"}],"curies":[{"name":"wp","href":"https:\/\/api.w.org\/{rel}","templated":true}]}}