{"id":50,"date":"2018-05-02T08:02:08","date_gmt":"2018-05-02T08:02:08","guid":{"rendered":"http:\/\/kanzlei-luebben.de\/?page_id=50"},"modified":"2018-05-23T14:22:30","modified_gmt":"2018-05-23T14:22:30","slug":"kontakt","status":"publish","type":"page","link":"https:\/\/kanzlei-luebben.de\/?page_id=50","title":{"rendered":"Kontakt"},"content":{"rendered":"<p>[vc_row][vc_column][vc_custom_heading text=&#8220;KONTAKT&#8220; font_container=&#8220;tag:h2|text_align:left|color:%23950101&#8243; use_theme_fonts=&#8220;yes&#8220;][vc_separator color=&#8220;custom&#8220; accent_color=&#8220;#950101&#8243;][\/vc_column][\/vc_row][vc_row][vc_column width=&#8220;1\/2&#8243;][vc_column_text]<\/p>\n<h3>Ihr Kontakt zu Uns.<\/h3>\n<p>[\/vc_column_text][vc_column_text]<strong>Rechtsanw\u00e4ltin und Dipl.-Jur. Gaby L\u00fcbben<\/strong><br \/>\nSch\u00f6nemoorer Stra\u00dfe 74 (Ecke Dwostra\u00dfe)<br \/>\n27753 Delmenhorst<\/p>\n<p><strong>Telefon: <\/strong>04221 9444644<br \/>\n<strong>FAX: <\/strong>04221 9444646<br \/>\n<strong>EMail: <\/strong><a href=\"mailto:kontakt@kanzlei-luebben.de\">kontakt@kanzlei-luebben.de<\/a><\/p>\n<p>Terminvereinbarungen ausserhalb der regul\u00e4ren B\u00fcrozeiten sind selbstverst\u00e4ndlich auch m\u00f6glich ![\/vc_column_text][\/vc_column][vc_column width=&#8220;1\/2&#8243;][vc_column_text]<\/p>\n<h3>So finden Sie die Kanzlei :<\/h3>\n<p>[\/vc_column_text][vc_gmaps link=&#8220;#E-8_JTNDaWZyYW1lJTIwc3JjJTNEJTIyaHR0cHMlM0ElMkYlMkZ3d3cuZ29vZ2xlLmNvbSUyRm1hcHMlMkZlbWJlZCUzRnBiJTNEJTIxMW0xNCUyMTFtOCUyMTFtMyUyMTFkNDc5NS4wMTAxMjAyNjQ1NCUyMTJkOC42MjI5MjIlMjEzZDUzLjA2NTIlMjEzbTIlMjExaTEwMjQlMjEyaTc2OCUyMTRmMTMuMSUyMTNtMyUyMTFtMiUyMTFzMHg0N2IwZDUzZDg3MjZjNTg3JTI1M0EweDI5ZmRjZGMzMmZkODJiN2MlMjEyc0thbnpsZWklMkJMJTI1QzMlMjU5Q0JCRU4lMjE1ZTAlMjEzbTIlMjExc2RlJTIxMnNkZSUyMTR2MTUxMTYzMjUzMDMxNiUyMiUyMHdpZHRoJTNEJTIyMTAwJTI1JTIyJTIwaGVpZ2h0JTNEJTIyNDUwJTIyJTIwZnJhbWVib3JkZXIlM0QlMjIwJTIyJTIwc3R5bGUlM0QlMjJib3JkZXIlM0EwJTIyJTIwYWxsb3dmdWxsc2NyZWVuJTNFJTNDJTJGaWZyYW1lJTNF&#8220;][\/vc_column][\/vc_row]<\/p>\n","protected":false},"excerpt":{"rendered":"<p>[vc_row][vc_column][vc_custom_heading text=&#8220;KONTAKT&#8220; font_container=&#8220;tag:h2|text_align:left|color:%23950101&#8243; use_theme_fonts=&#8220;yes&#8220;][vc_separator color=&#8220;custom&#8220; accent_color=&#8220;#950101&#8243;][\/vc_column][\/vc_row][vc_row][vc_column width=&#8220;1\/2&#8243;][vc_column_text] Ihr Kontakt zu Uns. [\/vc_column_text][vc_column_text]Rechtsanw\u00e4ltin und Dipl.-Jur. Gaby L\u00fcbben Sch\u00f6nemoorer Stra\u00dfe 74 (Ecke Dwostra\u00dfe) 27753 Delmenhorst Telefon: 04221 9444644 FAX: 04221 9444646 EMail: kontakt@kanzlei-luebben.de Terminvereinbarungen ausserhalb der regul\u00e4ren B\u00fcrozeiten sind selbstverst\u00e4ndlich auch m\u00f6glich ![\/vc_column_text][\/vc_column][vc_column width=&#8220;1\/2&#8243;][vc_column_text] So finden Sie die Kanzlei : [\/vc_column_text][vc_gmaps link=&#8220;#E-8_JTNDaWZyYW1lJTIwc3JjJTNEJTIyaHR0cHMlM0ElMkYlMkZ3d3cuZ29vZ2xlLmNvbSUyRm1hcHMlMkZlbWJlZCUzRnBiJTNEJTIxMW0xNCUyMTFtOCUyMTFtMyUyMTFkNDc5NS4wMTAxMjAyNjQ1NCUyMTJkOC42MjI5MjIlMjEzZDUzLjA2NTIlMjEzbTIlMjExaTEwMjQlMjEyaTc2OCUyMTRmMTMuMSUyMTNtMyUyMTFtMiUyMTFzMHg0N2IwZDUzZDg3MjZjNTg3JTI1M0EweDI5ZmRjZGMzMmZkODJiN2MlMjEyc0thbnpsZWklMkJMJTI1QzMlMjU5Q0JCRU4lMjE1ZTAlMjEzbTIlMjExc2RlJTIxMnNkZSUyMTR2MTUxMTYzMjUzMDMxNiUyMiUyMHdpZHRoJTNEJTIyMTAwJTI1JTIyJTIwaGVpZ2h0JTNEJTIyNDUwJTIyJTIwZnJhbWVib3JkZXIlM0QlMjIwJTIyJTIwc3R5bGUlM0QlMjJib3JkZXIlM0EwJTIyJTIwYWxsb3dmdWxsc2NyZWVuJTNFJTNDJTJGaWZyYW1lJTNF&#8220;][\/vc_column][\/vc_row]<\/p>\n","protected":false},"author":1,"featured_media":0,"parent":0,"menu_order":0,"comment_status":"closed","ping_status":"closed","template":"","meta":[],"aioseo_notices":[],"_links":{"self":[{"href":"https:\/\/kanzlei-luebben.de\/index.php?rest_route=\/wp\/v2\/pages\/50"}],"collection":[{"href":"https:\/\/kanzlei-luebben.de\/index.php?rest_route=\/wp\/v2\/pages"}],"about":[{"href":"https:\/\/kanzlei-luebben.de\/index.php?rest_route=\/wp\/v2\/types\/page"}],"author":[{"embeddable":true,"href":"https:\/\/kanzlei-luebben.de\/index.php?rest_route=\/wp\/v2\/users\/1"}],"replies":[{"embeddable":true,"href":"https:\/\/kanzlei-luebben.de\/index.php?rest_route=%2Fwp%2Fv2%2Fcomments&post=50"}],"version-history":[{"count":1,"href":"https:\/\/kanzlei-luebben.de\/index.php?rest_route=\/wp\/v2\/pages\/50\/revisions"}],"predecessor-version":[{"id":53,"href":"https:\/\/kanzlei-luebben.de\/index.php?rest_route=\/wp\/v2\/pages\/50\/revisions\/53"}],"wp:attachment":[{"href":"https:\/\/kanzlei-luebben.de\/index.php?rest_route=%2Fwp%2Fv2%2Fmedia&parent=50"}],"curies":[{"name":"wp","href":"https:\/\/api.w.org\/{rel}","templated":true}]}}